{"id":17,"date":"2025-07-24T10:18:20","date_gmt":"2025-07-24T10:18:20","guid":{"rendered":"https:\/\/sysadminow.com\/?page_id=17"},"modified":"2025-09-30T11:10:53","modified_gmt":"2025-09-30T11:10:53","slug":"servicios","status":"publish","type":"page","link":"https:\/\/sysadminow.com\/?page_id=17","title":{"rendered":"Servicios"},"content":{"rendered":"\t\t<div data-elementor-type=\"wp-page\" data-elementor-id=\"17\" class=\"elementor elementor-17\" data-elementor-post-type=\"page\">\n\t\t\t\t<div class=\"elementor-element elementor-element-1cd5c57 e-flex e-con-boxed e-con e-parent\" data-id=\"1cd5c57\" data-element_type=\"container\">\n\t\t\t\t\t<div class=\"e-con-inner\">\n\t\t\t\t\t<\/div>\n\t\t\t\t<\/div>\n\t\t<div class=\"elementor-element elementor-element-eae8dc1 e-con-full e-flex e-con e-parent\" data-id=\"eae8dc1\" data-element_type=\"container\">\n\t\t<div class=\"elementor-element elementor-element-3468a38 e-con-full e-flex e-con e-child\" data-id=\"3468a38\" data-element_type=\"container\">\n\t\t\t\t<div class=\"elementor-element elementor-element-f6816ae elementor-widget elementor-widget-image\" data-id=\"f6816ae\" data-element_type=\"widget\" data-widget_type=\"image.default\">\n\t\t\t\t\t\t\t\t\t\t\t\t\t\t\t<img fetchpriority=\"high\" decoding=\"async\" width=\"512\" height=\"512\" src=\"https:\/\/sysadminow.com\/wp-content\/uploads\/2025\/08\/automation_9658063.png\" class=\"attachment-2048x2048 size-2048x2048 wp-image-78\" alt=\"\" srcset=\"https:\/\/sysadminow.com\/wp-content\/uploads\/2025\/08\/automation_9658063.png 512w, https:\/\/sysadminow.com\/wp-content\/uploads\/2025\/08\/automation_9658063-300x300.png 300w, https:\/\/sysadminow.com\/wp-content\/uploads\/2025\/08\/automation_9658063-150x150.png 150w\" sizes=\"(max-width: 512px) 100vw, 512px\" \/>\t\t\t\t\t\t\t\t\t\t\t\t\t\t\t<\/div>\n\t\t\t\t<\/div>\n\t\t<div class=\"elementor-element elementor-element-c866d22 e-con-full e-flex e-con e-child\" data-id=\"c866d22\" data-element_type=\"container\">\n\t\t\t\t<div class=\"elementor-element elementor-element-694bf99 elementor-widget elementor-widget-heading\" data-id=\"694bf99\" data-element_type=\"widget\" data-widget_type=\"heading.default\">\n\t\t\t\t\t<h2 class=\"elementor-heading-title elementor-size-default\">Automatizaci\u00f3n y Servicios Avanzados<\/h2>\t\t\t\t<\/div>\n\t\t\t\t<div class=\"elementor-element elementor-element-b2c1999 elementor-widget elementor-widget-text-editor\" data-id=\"b2c1999\" data-element_type=\"widget\" data-widget_type=\"text-editor.default\">\n\t\t\t\t\t\t\t\t\t<p data-start=\"250\" data-end=\"481\">Transforma tu negocio con soluciones inteligentes que optimizan procesos, reducen errores y aumentan la productividad. Automatizamos tareas clave, integramos tus sistemas y aplicamos tecnolog\u00eda avanzada para que tu empresa trabaje m\u00e1s r\u00e1pido, mejor y con menos esfuerzo.<\/p>\t\t\t\t\t\t\t\t<\/div>\n\t\t\t\t<\/div>\n\t\t\t\t<\/div>\n\t\t<div class=\"elementor-element elementor-element-bd05342 e-con-full e-flex e-con e-parent\" data-id=\"bd05342\" data-element_type=\"container\">\n\t\t<div class=\"elementor-element elementor-element-3d435c6 e-con-full e-flex e-con e-child\" data-id=\"3d435c6\" data-element_type=\"container\">\n\t\t\t\t<div class=\"elementor-element elementor-element-d11394d elementor-widget elementor-widget-heading\" data-id=\"d11394d\" data-element_type=\"widget\" data-widget_type=\"heading.default\">\n\t\t\t\t\t<h2 class=\"elementor-heading-title elementor-size-default\">Infraestructuras y Redes Empresariales<\/h2>\t\t\t\t<\/div>\n\t\t\t\t<div class=\"elementor-element elementor-element-2cbc278 elementor-widget elementor-widget-text-editor\" data-id=\"2cbc278\" data-element_type=\"widget\" data-widget_type=\"text-editor.default\">\n\t\t\t\t\t\t\t\t\t<p data-start=\"530\" data-end=\"734\">Construimos la base tecnol\u00f3gica que tu empresa necesita para crecer sin l\u00edmites. Dise\u00f1amos y gestionamos redes seguras, servidores potentes y plataformas escalables que garantizan conectividad, rendimiento y fiabilidad en todo momento.<\/p>\t\t\t\t\t\t\t\t<\/div>\n\t\t\t\t<\/div>\n\t\t<div class=\"elementor-element elementor-element-052d4d9 e-con-full e-flex e-con e-child\" data-id=\"052d4d9\" data-element_type=\"container\">\n\t\t\t\t<div class=\"elementor-element elementor-element-f5d48ee elementor-widget elementor-widget-image\" data-id=\"f5d48ee\" data-element_type=\"widget\" data-widget_type=\"image.default\">\n\t\t\t\t\t\t\t\t\t\t\t\t\t\t\t<img decoding=\"async\" width=\"512\" height=\"512\" src=\"https:\/\/sysadminow.com\/wp-content\/uploads\/2025\/08\/network_14436272.png\" class=\"attachment-2048x2048 size-2048x2048 wp-image-114\" alt=\"\" srcset=\"https:\/\/sysadminow.com\/wp-content\/uploads\/2025\/08\/network_14436272.png 512w, https:\/\/sysadminow.com\/wp-content\/uploads\/2025\/08\/network_14436272-300x300.png 300w, https:\/\/sysadminow.com\/wp-content\/uploads\/2025\/08\/network_14436272-150x150.png 150w\" sizes=\"(max-width: 512px) 100vw, 512px\" \/>\t\t\t\t\t\t\t\t\t\t\t\t\t\t\t<\/div>\n\t\t\t\t<\/div>\n\t\t\t\t<\/div>\n\t\t<div class=\"elementor-element elementor-element-7092568 e-con-full e-flex e-con e-parent\" data-id=\"7092568\" data-element_type=\"container\">\n\t\t<div class=\"elementor-element elementor-element-c090715 e-con-full e-flex e-con e-child\" data-id=\"c090715\" data-element_type=\"container\">\n\t\t\t\t<div class=\"elementor-element elementor-element-a925063 elementor-widget elementor-widget-image\" data-id=\"a925063\" data-element_type=\"widget\" data-widget_type=\"image.default\">\n\t\t\t\t\t\t\t\t\t\t\t\t\t\t\t<img decoding=\"async\" width=\"512\" height=\"512\" src=\"https:\/\/sysadminow.com\/wp-content\/uploads\/2025\/08\/security_9767165.png\" class=\"attachment-2048x2048 size-2048x2048 wp-image-115\" alt=\"\" srcset=\"https:\/\/sysadminow.com\/wp-content\/uploads\/2025\/08\/security_9767165.png 512w, https:\/\/sysadminow.com\/wp-content\/uploads\/2025\/08\/security_9767165-300x300.png 300w, https:\/\/sysadminow.com\/wp-content\/uploads\/2025\/08\/security_9767165-150x150.png 150w\" sizes=\"(max-width: 512px) 100vw, 512px\" \/>\t\t\t\t\t\t\t\t\t\t\t\t\t\t\t<\/div>\n\t\t\t\t<\/div>\n\t\t<div class=\"elementor-element elementor-element-5f40aa6 e-con-full e-flex e-con e-child\" data-id=\"5f40aa6\" data-element_type=\"container\">\n\t\t\t\t<div class=\"elementor-element elementor-element-a9a24cb elementor-widget elementor-widget-heading\" data-id=\"a9a24cb\" data-element_type=\"widget\" data-widget_type=\"heading.default\">\n\t\t\t\t\t<h2 class=\"elementor-heading-title elementor-size-default\">Seguridad, Backup y Continuidad\n<\/h2>\t\t\t\t<\/div>\n\t\t\t\t<div class=\"elementor-element elementor-element-cc86047 elementor-widget elementor-widget-text-editor\" data-id=\"cc86047\" data-element_type=\"widget\" data-widget_type=\"text-editor.default\">\n\t\t\t\t\t\t\t\t\t<p data-start=\"250\" data-end=\"481\">Protege lo m\u00e1s importante: tu informaci\u00f3n y tu operaci\u00f3n. Implementamos sistemas de seguridad cibern\u00e9tica, copias de seguridad automatizadas y planes de continuidad que garantizan que tu negocio est\u00e9 siempre disponible, incluso ante imprevistos.<\/p>\t\t\t\t\t\t\t\t<\/div>\n\t\t\t\t<\/div>\n\t\t\t\t<\/div>\n\t\t\t\t<\/div>\n\t\t","protected":false},"excerpt":{"rendered":"<p>Automatizaci\u00f3n y Servicios Avanzados Transforma tu negocio con soluciones inteligentes que optimizan procesos, reducen errores y aumentan la productividad. Automatizamos tareas clave, integramos tus sistemas y aplicamos tecnolog\u00eda avanzada para que tu empresa trabaje m\u00e1s r\u00e1pido, mejor y con menos esfuerzo. Infraestructuras y Redes Empresariales Construimos la base tecnol\u00f3gica que tu empresa necesita para crecer [&hellip;]<\/p>\n","protected":false},"author":1,"featured_media":0,"parent":0,"menu_order":0,"comment_status":"closed","ping_status":"closed","template":"elementor_header_footer","meta":{"footnotes":""},"class_list":["post-17","page","type-page","status-publish","hentry"],"_links":{"self":[{"href":"https:\/\/sysadminow.com\/index.php?rest_route=\/wp\/v2\/pages\/17","targetHints":{"allow":["GET"]}}],"collection":[{"href":"https:\/\/sysadminow.com\/index.php?rest_route=\/wp\/v2\/pages"}],"about":[{"href":"https:\/\/sysadminow.com\/index.php?rest_route=\/wp\/v2\/types\/page"}],"author":[{"embeddable":true,"href":"https:\/\/sysadminow.com\/index.php?rest_route=\/wp\/v2\/users\/1"}],"replies":[{"embeddable":true,"href":"https:\/\/sysadminow.com\/index.php?rest_route=%2Fwp%2Fv2%2Fcomments&post=17"}],"version-history":[{"count":30,"href":"https:\/\/sysadminow.com\/index.php?rest_route=\/wp\/v2\/pages\/17\/revisions"}],"predecessor-version":[{"id":353,"href":"https:\/\/sysadminow.com\/index.php?rest_route=\/wp\/v2\/pages\/17\/revisions\/353"}],"wp:attachment":[{"href":"https:\/\/sysadminow.com\/index.php?rest_route=%2Fwp%2Fv2%2Fmedia&parent=17"}],"curies":[{"name":"wp","href":"https:\/\/api.w.org\/{rel}","templated":true}]}}